{"id":111,"date":"2018-06-19T12:09:52","date_gmt":"2018-06-19T10:09:52","guid":{"rendered":"https:\/\/www.vds-med.de\/?page_id=111"},"modified":"2025-08-13T11:50:57","modified_gmt":"2025-08-13T09:50:57","slug":"impressum","status":"publish","type":"page","link":"https:\/\/www.vds-med.de\/?page_id=111","title":{"rendered":"Impressum"},"content":{"rendered":"<p><strong>Verantwortliche Stelle:<br \/>\n<\/strong>Verband f\u00fcr Datenschutz in der Medizin (VDM) GbR<\/p>\n<p><strong>Postadresse:<br \/>\n<\/strong>Verband f\u00fcr Datenschutz in der Medizin (VDM)<br \/>\nKWM LAW Rechtsanw\u00e4lte PartG mbB<br \/>\nPortAl 10<br \/>\nAlbersloher Weg 10a<br \/>\n48155 M\u00fcnster<\/p>\n<p>Email: <span style=\"color: #389cff;\"><a style=\"color: #389cff;\" href=\"mailto:mail@vds-med.de\">mail@vds-med.de\u00a0<\/a><br \/>\n<\/span>Telefon:<a href=\"tel:+492515359939\"> 0251 \u2013 5359939<\/a><\/p>\n<p><strong>Verantwortlicher f\u00fcr den Inhalt:<\/strong><br \/>\nDr. Tobias Witte<\/p>\n<p><strong>Bilder<\/strong><br \/>\n<a href=\"http:\/\/www.pixabay.de\" target=\"_blank\" rel=\"noopener\">www.pixabay.de<\/a><br \/>\n<a href=\"http:\/\/www.pexels.com\" target=\"_blank\" rel=\"noopener\">www.pexels.com<\/a><\/p>\n","protected":false},"excerpt":{"rendered":"<p>Verantwortliche Stelle: Verband f\u00fcr Datenschutz in der Medizin (VDM) GbR Postadresse: Verband f\u00fcr Datenschutz in der Medizin (VDM) KWM LAW Rechtsanw\u00e4lte PartG mbB PortAl 10 Albersloher Weg 10a 48155 M\u00fcnster Email: mail@vds-med.de\u00a0 Telefon: 0251 \u2013 5359939 Verantwortlicher f\u00fcr den Inhalt: Dr. Tobias Witte Bilder www.pixabay.de www.pexels.com<\/p>\n","protected":false},"author":2,"featured_media":0,"parent":0,"menu_order":0,"comment_status":"closed","ping_status":"closed","template":"","meta":{"footnotes":""},"class_list":["post-111","page","type-page","status-publish","hentry"],"_links":{"self":[{"href":"https:\/\/www.vds-med.de\/index.php?rest_route=\/wp\/v2\/pages\/111","targetHints":{"allow":["GET"]}}],"collection":[{"href":"https:\/\/www.vds-med.de\/index.php?rest_route=\/wp\/v2\/pages"}],"about":[{"href":"https:\/\/www.vds-med.de\/index.php?rest_route=\/wp\/v2\/types\/page"}],"author":[{"embeddable":true,"href":"https:\/\/www.vds-med.de\/index.php?rest_route=\/wp\/v2\/users\/2"}],"replies":[{"embeddable":true,"href":"https:\/\/www.vds-med.de\/index.php?rest_route=%2Fwp%2Fv2%2Fcomments&post=111"}],"version-history":[{"count":9,"href":"https:\/\/www.vds-med.de\/index.php?rest_route=\/wp\/v2\/pages\/111\/revisions"}],"predecessor-version":[{"id":369,"href":"https:\/\/www.vds-med.de\/index.php?rest_route=\/wp\/v2\/pages\/111\/revisions\/369"}],"wp:attachment":[{"href":"https:\/\/www.vds-med.de\/index.php?rest_route=%2Fwp%2Fv2%2Fmedia&parent=111"}],"curies":[{"name":"wp","href":"https:\/\/api.w.org\/{rel}","templated":true}]}}